+ 2/(-3). Suppose -315 = 39*r - g*r. What are the prime factors of r?
3, 7
Let h(l) = l**2 + 19*l + 20. Let d be h(-16). Let v = d - -42. Suppose -3*i = -2*i - v. List the prime factors of i.
2, 7
Let v(k) = 50*k + 20. Let s be v(12). Suppose 5*l - s = 555. What are the prime factors of l?
5, 47
Let r(i) = -2*i**3 - i**2 - i - 1. Let s be 12/(-3)*5/2. Let a = 8 + s. List the prime factors of r(a).
13
Let x = -39 - -55. Let y be (x/(-6))/((-3)/72). Suppose -g = -3*g + y. What are the prime factors of g?
2
Suppose 697 = u - 401. List the prime factors of u.
2, 3, 61
Let m(j) = -j**2 - 5*j + 19. Let u be m(-7). Let c = 46 - -41. Suppose -u*x = c - 282. List the prime factors of x.
3, 13
Let c = 431 + 308. List the prime factors of c.
739
Let m(c) = 67*c + 256. List the prime factors of m(19).
11, 139
Let z be -3*(-3)/(18/2). Suppose -35 = 2*t + z. What are the prime factors of ((-84)/t)/(4/6)?
7
Let k(y) be the third derivative of y**5/60 - y**4/24 + 11*y**3/6 + 23*y**2. List the prime factors of k(6).
41
Let o be 1*(-3)/(6/4). Let f be 422/7 + o/7. Let a = f + -34. What are the prime factors of a?
2, 13
Suppose -4*s + 2*v = -2438, 4*v + 611 = s + 3*v. List the prime factors of s.
2, 19
Let g = -494 + 283. Let p = -45 - g. List the prime factors of p.
2, 83
Let f be (-1756)/(-14) + 12/21. Suppose 4*d - f = 162. List the prime factors of d.
2, 3
Let u = 981 - -1219. What are the prime factors of u?
2, 5, 11
Let h(z) be the second derivative of 29*z**3/6 + 3*z**2/2 + 8*z. Let n be h(2). Suppose 4*j = 4*q - 15 - n, 5*q + j = 107. What are the prime factors of q?
3, 7
Let v be (-96)/9*(-198)/24. Let g = 138 - v. List the prime factors of ((-160)/g)/((-1)/10).
2
Suppose -2*r = -2*f + 8, r = 5*r - 3*f + 12. Let z(a) = r - 52*a + 4*a**2 + 50*a + 3*a**2 - 1. What are the prime factors of z(3)?
2, 7
Suppose -3 = 7*c - 4*c. List the prime factors of 3/c*(-52)/6.
2, 13
Suppose -5*m = -m - 4632. What are the prime factors of (m/(-12))/(-2 - 9/(-6))?
193
Let m(d) = -10*d - d**2 - 7 - 2*d**2 + 2*d**2 - 2*d. Let a(g) = g**3 - 8*g**2 - 11*g + 12. Let v be a(9). What are the prime factors of m(v)?
29
Let m(z) = z + 3. Let l be m(-4). Suppose 3*t + 22 = -5*y, 6 = -17*y + 14*y. What are the prime factors of 2 + (t - (l - 30))?
29
Let t = -2455 - -4689. List the prime factors of t.
2, 1117
Let j be 4/(-14) + (-45)/63. Let s(m) = -28*m**3 + 3*m + 2. What are the prime factors of s(j)?
3
Suppose 2*b + 3*b = 3*p - 2260, 4*p - 2995 = 3*b. What are the prime factors of p?
5, 149
Suppose -489*i + 494*i = 195. What are the prime factors of i?
3, 13
Suppose 4*r - 586 = 2*r. Suppose -5*n - 73 + r = 0. Let u = n + -26. What are the prime factors of u?
2, 3
Let y = -2561 - -3712. List the prime factors of y.
1151
Let x be ((-4)/16)/(3/(-12)). Let m(w) be the first derivative of 3*w**2/2 + w + 1. List the prime factors of m(x).
2
Suppose 11 = -4*w + 31. Suppose -2*y = 5*s - 34, -2*s + s = w*y + 7. What are the prime factors of -2 - (s/2 - 39)?
3, 11
Suppose 5*l - 140 = -2*i, -i = 3*i + 5*l - 290. List the prime factors of i.
3, 5
Let q(j) = j**3 + 39*j**2 + 51*j - 126. What are the prime factors of q(-37)?
5, 29
Suppose 2*y - 144 = 3*q, y + 0*q = -3*q + 81. Suppose y - 19 = z. What are the prime factors of z?
2, 7
Suppose 3*c + 0 = 9. Suppose -4*p + 532 = c*r, -2*p + 3*r = -r - 288. List the prime factors of p.
2, 17
Let d(c) = -c**3 - 7. Let b be d(0). Let r be (10 + -3)*6/b. List the prime factors of (-107)/r - 1/(-6).
2, 3
Suppose 0 = -62*w + 29122 + 21222. List the prime factors of w.
2, 7, 29
Let r = -413 - -956. What are the prime factors of r?
3, 181
Let b = -6563 + 9762. List the prime factors of b.
7, 457
Let s be 2/((-3)/15*(-30)/468). Suppose -l + 15 = -4*b, -4*l - 5*b + s + 9 = 0. What are the prime factors of l?
5, 7
Let b(u) = 2*u**3 - 2*u**2 + 2*u + 1. Suppose 1 = i + 3*i + h, 6 = 3*i - h. Let g(c) = 3*c**2 + c - 2. Let o be g(i). List the prime factors of b(o).
13
Suppose -4*d - 1 = -49. Suppose d*m = 15*m - 312. List the prime factors of m.
2, 13
Suppose 3*o + z + z = 16, -2*z - 12 = -4*o. Suppose 3*u + 58 = o*q + u, -q - 2*u + 12 = 0. List the prime factors of q.
2, 7
Suppose 60 + 270 = -6*n. Let h = n - -96. What are the prime factors of h?
41
Let m = 463 - 245. List the prime factors of m.
2, 109
Let s(o) = 296*o + 52. List the prime factors of s(4).
2, 3, 103
Suppose -5*m - 4*w + 6282 = 0, 3*m + 0*w = 4*w + 3750. What are the prime factors of m?
2, 3, 11, 19
Let v(i) = -i**3 - 5*i**2 + 14*i - 1. Let z(x) = -x**3 + 16*x**2 + 18*x - 26. Let g be z(17). What are the prime factors of v(g)?
197
Let o be (-32)/2*1*-10. Suppose 0 = 3*r - 2*x - 255, -3*x - o = -2*r - 5*x. Let c = -48 + r. What are the prime factors of c?
5, 7
Let c(j) = 2*j**3 + 7*j**2 - 3*j - 10. Let x(k) = 3*k**3 + 11*k**2 - 4*k - 15. Let v(d) = 8*c(d) - 5*x(d). List the prime factors of v(4).
59
Suppose w - 5 = -4*w. Let h(k) = -k**2 - k. Let p(g) = 16*g**2 - 4*g + 1. Let z(d) = -2*h(d) + p(d). List the prime factors of z(w).
17
Suppose -13*t + 9*t = 0. Suppose -f + 2*r + 48 = -t*f, 3*f - 132 = 3*r. What are the prime factors of f?
2, 5
What are the prime factors of (-3980)/(-15) - 2/6?
5, 53
Let d(n) = 55*n**2 + 6. List the prime factors of d(5).
1381
Let v(f) = -3*f**3 + 27*f**2 + 117*f - 15. List the prime factors of v(-6).
3, 7, 43
Let z be (-2)/10 - (-9)/45. Let i = z + -18. Let a = i - -53. List the prime factors of a.
5, 7
Let d = -43 + 111. Let j = d - -83. What are the prime factors of j?
151
Suppose -s + 6*s - 41 = 4*b, 0 = -4*s + 4. Let v(q) be the third derivative of q**5/60 + 5*q**4/12 + 13*q**3/6 + 125*q**2. List the prime factors of v(b).
2
Suppose -2*v + 3620 = 3*t, -5*t + 15*v + 6035 = 18*v. What are the prime factors of t?
2, 5, 11
Let n = -237 - -351. Suppose -y + 2*g = -18, 4*y + 4*g - n = 18. What are the prime factors of y?
2, 7
What are the prime factors of ((-152)/(-12))/(9/351)?
2, 13, 19
Suppose -2*i + 4847 = -5*x, -13*x = 4*i - 14*x - 9685. List the prime factors of i.
3, 269
Let i = -325 - -985. What are the prime factors of i?
2, 3, 5, 11
Suppose 19*h + 4 = 99. Let n = 101 + h. What are the prime factors of n?
2, 53
Let c = 706 + -285. What are the prime factors of c?
421
Let x(t) = 2*t**2 + 6*t + 4. Let s be x(5). Let i be 6 + -8 - 55*1. Let j = i + s. What are the prime factors of j?
3
Let p be (-1 - (-169)/(-5))*-5. Suppose 8*w = 2*w + p. What are the prime factors of w?
29
Let q = 6969 - 4029. What are the prime factors of q?
2, 3, 5, 7
Let g(f) = -8*f - 19. Let a be g(-14). Let z = 147 - a. Let q = z - 21. List the prime factors of q.
3, 11
Let g(r) = -6*r - 5. Suppose 5*a = 5 + 5. Suppose -a*f = 4 + 2. List the prime factors of g(f).
13
What are the prime factors of (-5 - (-55)/10)*3642?
3, 607
Let p(v) = 100*v + 498. What are the prime factors of p(26)?
2, 1549
What are the prime factors of (-34)/51 - (-4444)/6?
2, 5, 37
Suppose 3*z + 2*y + 270 = z, -5*z + 3*y = 643. Let a = z - -227. List the prime factors of a.
2, 3
Let k = -360 - -563. List the prime factors of k.
7, 29
Let x be (1 - 3/9)/((-10)/(-3255)). Let a = x - 99. List the prime factors of a.
2, 59
Suppose 61*g - 108486 = 7*g. What are the prime factors of g?
7, 41
Let f be 12/4 - (-2 - (-2 - 41)). Let h(g) = 3*g**2 - 8*g + 8. Let d be h(6). Let j = d + f. What are the prime factors of j?
2, 3, 5
Let s = 27 - 24. Suppose 4*a - 82 = -0*a - 3*f, -s*f - 28 = -a. List the prime factors of a.
2, 11
Suppose -3*g + 25 + 5 = 0. Suppose 4*n = g*n + 90. What are the prime factors of (n + 14)*43*-1?
43
Suppose -5*d = 3*a - 34, -4*a + a = -4*d + 38. Let n(r) = 3*r + 16. List the prime factors of n(d).
2, 5
Let z = 128 + -12. Suppose -6*u + z = -64. What are the prime factors of u?
2, 3, 5
Suppose -6*w - 12413 = -3*d - 7*w, 12415 = 3*d - w. List the prime factors of d.
2, 2069
Let k = 2601 + -1622. What are the prime factors of k?
11, 89
Let o(z) = 7*z**2 - 2*z + 0*z - 1 + 0*z. Let q = -403 - -406. What are the prime factors of o(q)?
2, 7
Suppose 3*k - 2*v - 4527 = 0, -k + 1508 = 26*v - 27*v. List the prime factors of k.
1511
Let y = -328 - -636. List the prime factors of y.
2, 7, 11
Let o(z) = -z**3 + 10*z**2 - 8*z - 6. Let t be o(9). Suppose 6*p - t*p + 4*u = 122, -p = -3*u - 19. Suppose 7*j - p = 197. Lis